{"id":51,"date":"2025-03-25T19:33:58","date_gmt":"2025-03-25T19:33:58","guid":{"rendered":"https:\/\/sigmma.madweb.com.pl\/?page_id=51"},"modified":"2025-04-21T15:02:05","modified_gmt":"2025-04-21T15:02:05","slug":"rozwoj-kompetencji-zawodowych","status":"publish","type":"page","link":"http:\/\/sigmma.pl\/index.php\/rozwoj-kompetencji-zawodowych\/","title":{"rendered":"Rozw\u00f3j Kompetencji Zawodowych"},"content":{"rendered":"\n<div class=\"wp-block-cover alignfull\"><img loading=\"lazy\" decoding=\"async\" width=\"1024\" height=\"551\" class=\"wp-block-cover__image-background wp-image-52\" alt=\"\" src=\"http:\/\/sigmma.pl\/wp-content\/uploads\/2025\/03\/IMG_4380-1024x551.jpeg\" data-object-fit=\"cover\" srcset=\"http:\/\/sigmma.pl\/wp-content\/uploads\/2025\/03\/IMG_4380-1024x551.jpeg 1024w, http:\/\/sigmma.pl\/wp-content\/uploads\/2025\/03\/IMG_4380-300x162.jpeg 300w, http:\/\/sigmma.pl\/wp-content\/uploads\/2025\/03\/IMG_4380-768x414.jpeg 768w, http:\/\/sigmma.pl\/wp-content\/uploads\/2025\/03\/IMG_4380-1536x827.jpeg 1536w, http:\/\/sigmma.pl\/wp-content\/uploads\/2025\/03\/IMG_4380-2048x1103.jpeg 2048w\" sizes=\"auto, (max-width: 1024px) 100vw, 1024px\" \/><span aria-hidden=\"true\" class=\"wp-block-cover__background has-background-dim\"><\/span><div class=\"wp-block-cover__inner-container is-layout-flow wp-block-cover-is-layout-flow\">\n<h1 class=\"gutenakitid-72771074-5d3c-44e4-b487-179b8afb5f32 has-huge-font-size wp-block-heading has-text-align-center has-large-font-size\">Rozw\u00f3j Kompetencji Zawodowych<\/h1>\n<\/div><\/div>\n\n\n\n<h6 class=\"gutenakitid-f2b966ad-0c4d-4d03-a861-2f2dfd16db9e  wp-block-heading\">PCHNIJ SWOJ\u0104 KARIER\u0118 DO PRZODU<\/h6>\n\n\n\n<h2 class=\"wp-block-heading\">Zapisz si\u0119 na kurs lub szkolenie<\/h2>\n\n\n\n<h4 class=\"wp-block-heading\">Zadbaj o rozw\u00f3j kompetencji zawodowych<\/h4>\n\n\n\n<p>Szkolenia, warsztaty, kursy zawodowe s\u0105 dopasowane do rynku pracy i oczekiwa\u0144 pracodawc\u00f3w. Wsp\u00f3\u0142praca z doradc\u0105 zawodowym pozwala na stworzenie Indywidualnego Planu dzia\u0142ania i pokierowania swoj\u0105 karier\u0105 zawodow\u0105. Ponadto Sigmma wsp\u00f3\u0142pracuje z otoczeniem biznesu w zakresie realizacji sta\u017cy zawodowych dla absolwent\u00f3w szk\u00f3\u0142 zawodowych.<\/p>\n\n\n\n<h3 class=\"wp-block-heading has-text-align-center\">Szkolenia i kursy<\/h3>\n\n\n\n<div class=\"wp-block-gutena-tabs gutena-tabs-block gutena-tabs-block-d8d529-2f\"><ul class=\"gutena-tabs-tab tab-center\"><li class=\"gutena-tab-title active\" data-tab=\"1\"><div class=\"gutena-tab-title-content icon-top\"><div class=\"gutena-tab-title-text\"><div>Informatyczne<\/div><\/div><\/div><\/li><li class=\"gutena-tab-title inactive\" data-tab=\"2\"><div class=\"gutena-tab-title-content icon-top\"><div class=\"gutena-tab-title-text\"><div>Handel<\/div><\/div><\/div><\/li><li class=\"gutena-tab-title inactive\" data-tab=\"3\"><div class=\"gutena-tab-title-content icon-top\"><div class=\"gutena-tab-title-text\"><div>Administracja<\/div><\/div><\/div><\/li><li class=\"gutena-tab-title inactive\" data-tab=\"4\"><div class=\"gutena-tab-title-content icon-top\"><div class=\"gutena-tab-title-text\"><div>Zdrowie i Uroda<\/div><\/div><\/div><\/li><li class=\"gutena-tab-title inactive\" data-tab=\"5\"><div class=\"gutena-tab-title-content icon-top\"><div class=\"gutena-tab-title-text\"><div>Gastronomia, hotelarstwo<\/div><\/div><\/div><\/li><li class=\"gutena-tab-title inactive\" data-tab=\"6\"><div class=\"gutena-tab-title-content icon-top\"><div class=\"gutena-tab-title-text\"><div>Inne<\/div><\/div><\/div><\/li><\/ul><div class=\"gutena-tabs-content is-layout-flow wp-block-gutena-tabs-is-layout-flow\">\n<div class=\"wp-block-gutena-tab gutena-tab-block gutena-tab-block-fb41d2-b6 active\" data-tab=\"1\">\n<h4 class=\"wp-block-heading\">Informatyczne, media spo\u0142eczno\u015bciowe<\/h4>\n\n\n\n<ul class=\"wp-block-list\">\n<li>Szkolenia ECDL<\/li>\n<\/ul>\n\n\n\n<ul class=\"wp-block-list\">\n<li>Przeprowadzanie egzamin\u00f3w ECDL<\/li>\n<\/ul>\n\n\n\n<ul class=\"wp-block-list\">\n<li>Kurs Tworzenia stron www<\/li>\n<\/ul>\n\n\n\n<ul class=\"wp-block-list\">\n<li>Kurs AutoCAD<\/li>\n<\/ul>\n\n\n\n<ul class=\"wp-block-list\">\n<li>Kurs obs\u0142ugi medi\u00f3w spo\u0142eczno\u015bciowych \u2013 Facebook, Instagram, You Tube itd.<\/li>\n<\/ul>\n<\/div>\n\n\n\n<div class=\"wp-block-gutena-tab gutena-tab-block gutena-tab-block-b8927e-04 inactive\" data-tab=\"2\">\n<h4 class=\"wp-block-heading\">Handel<\/h4>\n\n\n\n<ul class=\"wp-block-list\">\n<li>Kasjer kas fiskalnych<\/li>\n<\/ul>\n\n\n\n<ul class=\"wp-block-list\">\n<li>Pracownik magazynowy z uprawnieniami kierowcy w\u00f3zk\u00f3w jezdniowych<\/li>\n<\/ul>\n\n\n\n<ul class=\"wp-block-list\">\n<li>Kurs sprzedawcy<\/li>\n<\/ul>\n\n\n\n<ul class=\"wp-block-list\">\n<li>Kurs przedstawiciela handlowego<\/li>\n<\/ul>\n\n\n\n<ul class=\"wp-block-list\">\n<li>Negocjacje w handlu<\/li>\n<\/ul>\n\n\n\n<ul class=\"wp-block-list\">\n<li>Pomoc w kompletowaniu dokument\u00f3w do umowy o dofinansowanie,<\/li>\n<\/ul>\n\n\n\n<ul class=\"wp-block-list\">\n<li>Doradztwo na etapie realizacji projektu,<\/li>\n<\/ul>\n<\/div>\n\n\n\n<div class=\"wp-block-gutena-tab gutena-tab-block gutena-tab-block-15aee7-e0 inactive\" data-tab=\"3\">\n<h4 class=\"wp-block-heading\">Administracyjno &#8211; biurowe<\/h4>\n\n\n\n<ul class=\"wp-block-list\">\n<li>Kurs obs\u0142ugi pakietu biurowego Ms Office<\/li>\n<\/ul>\n\n\n\n<ul class=\"wp-block-list\">\n<li>Kurs administracyjno &#8211; biurowy<\/li>\n<\/ul>\n\n\n\n<ul class=\"wp-block-list\">\n<li>Kurs sekretarki<\/li>\n<\/ul>\n<\/div>\n\n\n\n<div class=\"wp-block-gutena-tab gutena-tab-block gutena-tab-block-65e6e8-ff inactive\" data-tab=\"4\">\n<h4 class=\"wp-block-heading\">Piel\u0119gnacja zdrowia i urody<\/h4>\n\n\n\n<ul class=\"wp-block-list\">\n<li>Fryzjer damski i m\u0119ski<\/li>\n<\/ul>\n\n\n\n<ul class=\"wp-block-list\">\n<li>Wiza\u017c<\/li>\n<\/ul>\n\n\n\n<ul class=\"wp-block-list\">\n<li>Kurs stylizacji paznokci<\/li>\n<\/ul>\n\n\n\n<ul class=\"wp-block-list\">\n<li>Kurs rz\u0119s<\/li>\n<\/ul>\n<\/div>\n\n\n\n<div class=\"wp-block-gutena-tab gutena-tab-block gutena-tab-block-3d1630-6c inactive\" data-tab=\"5\">\n<h4 class=\"wp-block-heading\">Turystyka, gastronomia, hotelarstwo<\/h4>\n\n\n\n<ul class=\"wp-block-list\">\n<li>Kucharz<\/li>\n<\/ul>\n\n\n\n<ul class=\"wp-block-list\">\n<li>Kurs kelnera<\/li>\n<\/ul>\n\n\n\n<ul class=\"wp-block-list\">\n<li>Kurs Barmana 1 go stopnia<\/li>\n<\/ul>\n\n\n\n<ul class=\"wp-block-list\">\n<li>Kurs obs\u0142ugi GASTRO i CHART<\/li>\n<\/ul>\n\n\n\n<ul class=\"wp-block-list\">\n<li>Kurs carvingu<\/li>\n<\/ul>\n\n\n\n<ul class=\"wp-block-list\">\n<li>Kurs sommeliera<\/li>\n<\/ul>\n\n\n\n<ul class=\"wp-block-list\">\n<li>Pracownik ma\u0142ej gastronomi<\/li>\n<\/ul>\n<\/div>\n\n\n\n<div class=\"wp-block-gutena-tab gutena-tab-block gutena-tab-block-181364-cc inactive\" data-tab=\"6\">\n<h4 class=\"wp-block-heading\">Inne<\/h4>\n\n\n\n<ul class=\"wp-block-list\">\n<li>Kurs SEP<\/li>\n<\/ul>\n\n\n\n<ul class=\"wp-block-list\">\n<li>Kurs obs\u0142ugi \u017curawi<\/li>\n<\/ul>\n\n\n\n<ul class=\"wp-block-list\">\n<li>Kurs spawania<\/li>\n<\/ul>\n\n\n\n<ul class=\"wp-block-list\">\n<li>Kurs PLC<\/li>\n<\/ul>\n\n\n\n<ul class=\"wp-block-list\">\n<li>Kurs CNC<\/li>\n<\/ul>\n\n\n\n<ul class=\"wp-block-list\">\n<li>Kurs lakiernika<\/li>\n<\/ul>\n\n\n\n<ul class=\"wp-block-list\">\n<li>Kurs blacharz samochodowy<\/li>\n<\/ul>\n<\/div>\n<\/div><\/div>\n\n\n\n<h2 class=\"wp-block-heading\">Doradztwo zawodowe i sta\u017ce<\/h2>\n\n\n\n<div class=\"wp-block-gutena-tabs gutena-tabs-block gutena-tabs-block-d603c2-f2\"><ul class=\"gutena-tabs-tab tab-center\"><li class=\"gutena-tab-title active\" data-tab=\"1\"><div class=\"gutena-tab-title-content icon-top\"><div class=\"gutena-tab-title-text\"><div>Doradztwo zawodowe<\/div><\/div><\/div><\/li><li class=\"gutena-tab-title inactive\" data-tab=\"2\"><div class=\"gutena-tab-title-content icon-top\"><div class=\"gutena-tab-title-text\"><div>Sta\u017ce zawodowe, wsp\u00f3\u0142praca z otoczeniem biznesu<\/div><\/div><\/div><\/li><\/ul><div class=\"gutena-tabs-content is-layout-flow wp-block-gutena-tabs-is-layout-flow\">\n<div class=\"wp-block-gutena-tab gutena-tab-block gutena-tab-block-0659a5-d4 active\" data-tab=\"1\">\n<h4 class=\"wp-block-heading\">Doradztwo zawodowe<\/h4>\n\n\n\n<ul class=\"wp-block-list\">\n<li>Tworzenie portfolio zawodowego<\/li>\n<\/ul>\n\n\n\n<ul class=\"wp-block-list\">\n<li>Indywidualna diagnoza predyspozycji zawodowych<\/li>\n<\/ul>\n\n\n\n<ul class=\"wp-block-list\">\n<li>Warsztaty \u201eAutoprezentacja\u201d, \u201eRozmowa kwalifikacyjna\u201d, \u201eTworzenie cv\u201d \u201eTworzenie listu motywacyjnego\u201d<\/li>\n<\/ul>\n<\/div>\n\n\n\n<div class=\"wp-block-gutena-tab gutena-tab-block gutena-tab-block-0b67e5-2d inactive\" data-tab=\"2\">\n<h4 class=\"wp-block-heading\">Sta\u017ce zawodowe, wsp\u00f3\u0142praca z otoczeniem biznesu<\/h4>\n\n\n\n<ul class=\"wp-block-list\">\n<li>organizacja sta\u017cy\/praktyk zawodowych u pracodawc\u00f3w,<\/li>\n<\/ul>\n\n\n\n<ul class=\"wp-block-list\">\n<li>wsp\u00f3\u0142praca z otoczeniem biznesu w zakresie analizy potrzeb rynku pracy i kszta\u0142cenia zawodowego<\/li>\n<\/ul>\n<\/div>\n<\/div><\/div>\n\n\n\n<p><\/p>\n","protected":false},"excerpt":{"rendered":"<p>PCHNIJ SWOJ\u0104 KARIER\u0118 DO PRZODU Zapisz si\u0119 na kurs lub szkolenie Zadbaj o rozw\u00f3j kompetencji zawodowych Szkolenia, warsztaty, kursy zawodowe s\u0105 dopasowane do rynku pracy i oczekiwa\u0144 pracodawc\u00f3w. Wsp\u00f3\u0142praca z doradc\u0105 zawodowym pozwala na stworzenie Indywidualnego Planu dzia\u0142ania i pokierowania swoj\u0105 karier\u0105 zawodow\u0105. Ponadto Sigmma wsp\u00f3\u0142pracuje z otoczeniem biznesu w zakresie realizacji sta\u017cy zawodowych dla [&hellip;]<\/p>\n","protected":false},"author":1,"featured_media":0,"parent":0,"menu_order":0,"comment_status":"closed","ping_status":"closed","template":"","meta":{"footnotes":""},"class_list":["post-51","page","type-page","status-publish","hentry"],"_links":{"self":[{"href":"http:\/\/sigmma.pl\/index.php\/wp-json\/wp\/v2\/pages\/51","targetHints":{"allow":["GET"]}}],"collection":[{"href":"http:\/\/sigmma.pl\/index.php\/wp-json\/wp\/v2\/pages"}],"about":[{"href":"http:\/\/sigmma.pl\/index.php\/wp-json\/wp\/v2\/types\/page"}],"author":[{"embeddable":true,"href":"http:\/\/sigmma.pl\/index.php\/wp-json\/wp\/v2\/users\/1"}],"replies":[{"embeddable":true,"href":"http:\/\/sigmma.pl\/index.php\/wp-json\/wp\/v2\/comments?post=51"}],"version-history":[{"count":13,"href":"http:\/\/sigmma.pl\/index.php\/wp-json\/wp\/v2\/pages\/51\/revisions"}],"predecessor-version":[{"id":211,"href":"http:\/\/sigmma.pl\/index.php\/wp-json\/wp\/v2\/pages\/51\/revisions\/211"}],"wp:attachment":[{"href":"http:\/\/sigmma.pl\/index.php\/wp-json\/wp\/v2\/media?parent=51"}],"curies":[{"name":"wp","href":"https:\/\/api.w.org\/{rel}","templated":true}]}}